 a composite number?
True
Let l(u) = -2*u**2 - 10*u + 18. Let r be l(-8). Let c be r + 24/14 + 2/7. Is (-2)/7 + (-213116)/c + 4 a prime number?
False
Let n be (-2 + (-169)/(-78))*-18. Suppose t = 3*r - 2, -6*t + 5*t = 4*r + 2. Is 4078*(n/(-6) - r) composite?
False
Suppose -m + 13 - 5 = 0. Suppose f = -g - f - m, 3*f + 7 = -4*g. Suppose -g*b = -428 - 110. Is b prime?
True
Let p(v) = v**3 - 80*v**2 - 174*v - 1003. Is p(110) prime?
False
Let g(f) = -f**3 + f**2 - f + 2. Let i be g(0). Suppose -i*w + 8055 = -11919. Let h = -596 + w. Is h a composite number?
False
Let t be (-1)/((3 - (-17)/(-5))/((-36)/(-45))). Let w be 1 - 5*-1 - 2. Suppose -t*c - 14*x + 646 = -10*x, -w = x. Is c composite?
False
Let v(g) = -g**3 - 130*g**2 + 69*g - 1053. Is v(-131) prime?
True
Suppose -5*g - 3*m + 53 = -1, 5*m = -3*g + 42. Suppose -b + 11690 = g*b. Is b a prime number?
False
Let o(l) = l**2 - 14*l - 39. Let h be o(17). Let s = -9 + h. Suppose -2*w + 0*v = 2*v - 834, 2*w - 832 = -s*v. Is w a composite number?
False
Let h(b) = -477203*b**3 + 21 - 10*b + 2*b**2 + 2*b**2 + 7*b**2 + 477204*b**3. Let z = -24 - -13. Is h(z) prime?
True
Suppose -54*c + 2007816 = 293262. Is c a prime number?
True
Let k be 3 + (-1)/(-3)*3. Let g(j) = 140*j - 111. Is g(k) a prime number?
True
Suppose 0 = -2*x + q + 183783, -4*x + 367575 = 29*q - 28*q. Is x a prime number?
False
Is ((-13740026)/56 + (-21)/(-28))*(-98)/28 a prime number?
True
Let b(c) = 919*c - 292. Let d be b(20). Let y = d + -12119. Is y a composite number?
True
Let v be (-10)/(-6)*(17292 + -18). Suppose -24408 = -3*r - 3*j, 4*r - j - 3739 = v. Is r a composite number?
True
Is (-1)/10 - 19067597/(-670) prime?
False
Let f(c) = c**2 - c - 12. Let v be f(-4). Suppose v - 24 = -4*m. Suppose 2547 = m*u + 3*n - 5, -4*u + 4*n + 2524 = 0. Is u a prime number?
False
Is ((-255)/34)/(-5) + (-81667)/(-2) a composite number?
True
Let k be 845 - (0 + 36)/6. Suppose 0 = 7*h - k - 3242. Is h prime?
False
Let z(n) = -284*n**3 - 2*n**2 + 6*n + 2. Let m be z(4). Is -2*7/28*m a prime number?
True
Let m = -100528 + 183285. Is m a prime number?
True
Suppose -3*x + 4*i = 17, 4*x + i = -x + 10. Let p(v) = -3*v + 11*v + 85*v**2 + 2*v - 3*v + x. Is p(-6) composite?
False
Suppose -4*k = -6*k + 2*c, -2*k + 3 = -c. Suppose 3*q + 23402 = k*n + 2*n, -3*n + 2*q = -14041. Is n a prime number?
False
Let g be ((-30)/4)/((-18)/60). Suppose -4*p - p = 3*s - 37, -5*p + g = 0. Suppose -d - 4474 = -s*x + d, 3*d + 4473 = 4*x. Is x composite?
True
Is ((-5729290)/(-24) - (-5)/20)*3 + -1 composite?
False
Is ((-3594)/(50/25))/(-2 - (-1677)/843) a composite number?
True
Let k = -583 - -590. Suppose -k*w - 1815 = -10138. Is w a composite number?
True
Let c be 282132/42 - 20/(-35). Suppose -c = -48*x + 46*x. Is x prime?
True
Let v be ((-150932)/6)/((-21)/(-63)). Is 13/78 - v/12 prime?
False
Suppose 5*j + 1244807 = 3*m, 3*m + 4*j + 245563 = 1490442. Is m a prime number?
True
Let y be -19 + (-30)/(12 - 7). Is (y/10)/((-3)/(-372)*-2) composite?
True
Let q(d) = -2*d**3 - 60*d**2 + 205*d - 11. Is q(-40) composite?
False
Let j = -19318 + 27433. Suppose 0*k + 4*u = -3*k + 24317, -u - j = -k. Is k composite?
False
Suppose -3*u - 5595*w + 2234377 = -5593*w, 0 = u - 5*w - 744781. Is u composite?
False
Suppose 0 = 5*r + c - 461638, -824*r + 3*c + 277008 = -821*r. Is r prime?
False
Let n(m) be the second derivative of -m**4/12 + 3*m**3 - 15*m**2/2 + 9*m. Let i be n(17). Suppose i*q + 2*o - 2564 = 0, 0*o + 2*o = 3*q - 3851. Is q composite?
False
Suppose -6*y - 88*y + 76739394 = 8*y. Is y prime?
False
Suppose 0 = -4*u, g = -0*g + 3*u + 5886. Let m = 9853 - g. Is m a prime number?
True
Suppose 0 = u + 2*u + 2*v - 28, 0 = u + 3*v. Suppose 18*w - 14*w = u. Is (-1)/((w - 0)/(-873)) composite?
True
Let i = -5 + 19. Let y be 3162/7 + i/49. Suppose -2*z = -374 - y. Is z a prime number?
False
Suppose 0 = 3*u + 3*a - 6 - 3, u - 5*a = 9. Let f(v) be the first derivative of 215*v**2 + 15*v + 6. Is f(u) composite?
True
Suppose 0 = -450*n + 449*n + 29. Suppose 106320 + 108193 = n*g. Is g prime?
False
Is (-10)/(-35) - (-5 - 244104/49) a composite number?
False
Let j be (-67152)/(-5) + 28/(-70). Suppose 17*f - j = 16*f. Suppose -3136 - f = -6*t. Is t a prime number?
False
Suppose 7*s = -4*s + 623867 + 46440. Is s prime?
True
Let k(l) be the second derivative of -62*l**3/3 + l**2/2 - 9*l. Let r(t) = t**2 - 8*t + 4. Let o be r(7). Is k(o) a prime number?
True
Suppose -184 = 5*y - 4*s, s + 0*s + 107 = -3*y. Let u be ((-2)/4 + (-22)/(-12))*(-314427)/2572. Let q = y - u. Is q a prime number?
True
Is 6*1 - 29/((-522)/2049318) composite?
True
Let p(i) = 424*i**2 + 22*i + 71. Is p(-22) a prime number?
True
Let q be (-478)/1*(-3 + 1). Let y = -223 + q. Is y prime?
True
Suppose -6*k - 210*k = -6276744. Is k prime?
True
Let p(r) be the third derivative of 0*r + 1/2*r**4 + 0 + 5/6*r**3 + 8*r**2. Is p(4) a prime number?
True
Is 12162758/212*(-4)/(-2) a prime number?
True
Suppose 0 = 3*d + 2*a - 4687, -5*d + a = -2*a - 7780. Suppose 5*u - 10605 + d = -c, -c + 9053 = -2*u. Suppose -4*i + c = -i. Is i a composite number?
True
Let x(j) = -2*j**2 + 32*j + 24. Let m be x(18). Let o = 1163 + m. Is o composite?
True
Let a be -2*-2*(-15)/(-6). Suppose -5*b = v - 53, -11*b + 201 = 3*v - a*b. Suppose -p + 66 = -r - v, 5*p + r = 640. Is p a prime number?
False
Suppose -332 = 5*h + 2*r, -r + 72 = -3*h + 2*h. Is (118/3)/(h/(-19482)) a composite number?
True
Let l be (2 - (-6)/(-9))/(20/2250). Suppose 146*v + 20420 = l*v. Is v prime?
False
Let o(i) = -5472*i + 3055. Is o(-31) prime?
True
Let o = -640 + 644. Suppose 12*z = 14*z + 2, 8511 = 5*v + o*z. Is v a prime number?
False
Suppose -24*i = -67310 - 57130. Let j = i - 1556. Is j a composite number?
True
Let c = -5533 + 3151. Let k = -488 - c. Suppose 8353 - k = 3*q. Is q prime?
True
Suppose -6*v + 25552 - 10312 = 0. Let j(f) = 4161 - 8*f + 3240 - v. Is j(0) a prime number?
True
Suppose 0 = -17*r + 5097142 - 430523. Is r composite?
True
Suppose -1185 - 1967 = -4*f. Let a = -321 + f. Is a a prime number?
True
Let n = 85249 + -52214. Suppose 41*c - 46*c = -n. Is c composite?
False
Let r be (-5 - -4 - 4)*12/(-10). Suppose r*a - 17440 = 878. Is a a prime number?
False
Let f(c) = -2*c - 6. Let y = 1 - 8. Let b be f(y). Suppose 2*a - 3*z - 117 = -b*z, 0 = -3*a - z + 156. Is a a composite number?
True
Suppose 4*a - 3*m = 845671, 2*a - 155*m = -154*m + 422835. Is a prime?
False
Suppose -3*x + x - 3*h = 9, 5*x - h - 3 = 0. Suppose -w = -5*y + 5, -y + w = -x - 5. Suppose y = -4*g + 1012 + 552. Is g a prime number?
False
Let r(z) be the first derivative of 2*z**3/3 - 31*z - 28. Let q = 36 + -23. Is r(q) prime?
True
Let k(c) = -6*c**2 + 2*c. Let r be k(1). Let a be 4 + 20/16 + 1/r. Suppose a*z = -2*u + 945, -5*z + 661 + 269 = -u. Is z composite?
True
Let q(n) = 67*n**2 - 89*n + 24. Let l be q(-14). Suppose -18*p - 20*p + l = 0. Is p prime?
True
Let i = -121 - -125. Suppose -i*p = -2356 - 7920. Is p a prime number?
False
Let v(m) = 46828*m**2 + 97*m + 1. Is v(2) a prime number?
True
Is 2594223*(-184)/(-2070) - (-6)/(-10) a composite number?
False
Suppose -40214134 = 156*b - 39940383 - 115379443. Is b prime?
True
Suppose -4670 = -16*t - 1422. Suppose 195*q + 77240 = t*q. Is q a composite number?
True
Let v(r) = -r**3 - 34*r**2 - 31*r + 71. Let p be v(-33). Suppose 3*j = 2*w + 73801, 2*w + 206567 = p*j + 83564. Is j composite?
True
Suppose -2 = -t, -2297895 - 2117908 = -9*p + t. Is p prime?
False
Let f(m) = m**2 + 5 - 3 - 4 + 5 + 13*m. Let z be f(-13). Suppose -4*a = 2*i - 374, -3*i - z*a = -0*i - 555. Is i a composite number?
True
Let v = 169369 - 85512. Is v composite?
False
Suppose 5*q - 6 - 4 = 0. Let s(g) = -10*g**2 - 3*g + 3. Let o(p) = p**2. Let j(b) = -6*o(b) - s(b). Is j(q) prime?
True
Let r(j) = 29*j**2 - 4. Suppose 19*g - 17*g = 6. Let o be r(g). Suppose 3*x + o = 2468. Is x composite?
True
Let d(p) = -112*p**2 + 11*p - 6. Let f be d(-8). Let q = f + 10813. Is q composite?
True
Let z = -2813 - -2823. Let l be (-5696)/(-2) - (-2 - -1). Suppose -l = -o - z*o. Is o composite?
True
Suppose 27*t + 7*t - 186830 = 0. Let b = t + -1950. Is b a composite number?
True
Suppose 2*z = -5*a + 10635, -4*a - 2*z + 3984 = -4526. Suppose -5*n = -a - 39640. Is n prime?
True
Is 8416838/20 + -10 